= 198*l - 6816. What is v(33)?
-282
Let p(g) = 192*g + 748. Calculate p(-9).
-980
Let s(w) = -970*w + 17448. What is s(18)?
-12
Let n(i) = -962*i - 326058. Give n(-339).
60
Let k(r) = -4*r**3 - 157*r**2 - 39*r - 109. What is k(-39)?
-109
Let q(k) = -k**3 + 2565*k**2 + 109495*k + 40. Determine q(-42).
-2
Let z(g) = -25*g**2 + 910*g - 115. Calculate z(37).
-670
Let m(n) = n**3 - 44*n**2 + 349*n - 13169. What is m(43)?
-11
Let i(c) = -74*c + 7809. What is i(99)?
483
Let s(y) = 20*y**3 + 24*y**2 + 37*y - 134. Determine s(3).
733
Let h(u) = -1195*u - 438. What is h(-1)?
757
Let b(l) = -1842*l - 1044. Determine b(2).
-4728
Let d(w) = -w**3 + 62*w**2 + 121*w - 674. Give d(64).
-1122
Let j(c) = -36*c**2 - 24977*c + 4495. Determine j(-694).
-363
Let g(f) = -9*f**3 - 92*f**2 - 64*f + 644. Calculate g(-8).
-124
Let v(z) = 1724647*z - 3449298. Calculate v(2).
-4
Let c(a) = a**3 - 938*a**2 + 202013*a - 2673. What is c(335)?
7
Let q(j) = -1183*j + 153795. Calculate q(130).
5
Let h(v) = -24*v**2 - 109*v - 71. What is h(-4)?
-19
Let s(z) = 7*z**2 + 691*z - 12232. What is s(18)?
2474
Let h(k) = 5197*k - 649238. Calculate h(125).
387
Let n(k) = 36228*k + 253600. Give n(-7).
4
Let y(c) = -c**3 + 30*c**2 + 22*c - 1704. Give y(29).
-225
Let r(p) = 33*p**2 + 787*p - 1012. What is r(-25)?
-62
Let u(x) = -1165*x - 7718. What is u(-7)?
437
Let j(i) = -7*i**2 + 418*i + 2610. Give j(-6).
-150
Let g(n) = -n**3 + 1972*n + 5920. Calculate g(-3).
31
Let r(f) = -12*f**2 + 519*f + 4248. Determine r(51).
-495
Let u(s) = -3*s**3 + 65*s**2 - 334*s + 5926. Give u(21).
-206
Let u(b) = 11*b**2 - 709*b + 1420. What is u(2)?
46
Let a(b) = -917*b + 24054. Give a(26).
212
Let k(q) = q**3 + 9*q**2 - 52*q + 32. Give k(4).
32
Let j(a) = -2*a**3 - 8*a**2 - 188*a - 860. Calculate j(-11).
2902
Let b(l) = 29*l**3 + 480*l**2 + 257*l + 27. Calculate b(-16).
11
Let f(r) = -2*r**2 - 7*r + 224. Give f(9).
-1
Let a(m) = 7*m**2 - 242*m + 649. Determine a(32).
73
Let q(a) = -33747*a + 337473. Determine q(10).
3
Let g(q) = -q**3 - 132*q**2 - 2112*q - 6829. Determine g(-114).
11
Let m(d) = 2863*d - 154620. Calculate m(54).
-18
Let r(c) = 5842*c**2 - 5831*c + 3. Calculate r(1).
14
Let t(j) = 2*j**2 + 1881*j + 44688. Calculate t(-24).
696
Let v(a) = a**3 + 58*a**2 + 19*a - 8035. What is v(-55)?
-5
Let d(t) = -2695*t - 24253. Calculate d(-9).
2
Let m(y) = -831*y**3 + 7*y**2 - y - 9. Give m(-1).
830
Let v(y) = -y**3 + 716*y**2 + 12496*y - 1119160. Calculate v(731).
1
Let l(q) = -19054*q + 133366. Determine l(7).
-12
Let s(d) = d**3 - 1237*d**2 + 2506*d - 44463. What is s(1235)?
-3
Let m(h) = 58479*h + 409267. Determine m(-7).
-86
Let z(f) = -61671*f + 246691. What is z(4)?
7
Let k(d) = 2485*d + 106700. What is k(-43)?
-155
Let i(p) = 2*p**3 - 307*p**2 + 126*p + 4255. Give i(153).
124
Let r(n) = -41*n**3 + 561*n**2 + 51*n + 1838. Give r(14).
4
Let d(b) = 3*b**3 + 1320*b**2 - b - 462. Determine d(-440).
-22
Let d(t) = -868*t - 31247. Calculate d(-36).
1
Let o(k) = 927*k**2 + 2779*k + 24. Give o(-3).
30
Let p(x) = 16*x**2 + 2425*x + 26789. Give p(-12).
-7
Let u(w) = -2*w**2 - 328*w - 296. Determine u(-163).
30
Let v(c) = 536*c + 5983. Give v(-8).
1695
Let g(j) = j**3 + 153*j**2 - 153*j + 521. Give g(-154).
367
Let t(k) = -40*k**2 + 1320*k - 146. Give t(35).
-2946
Let b(d) = 92*d - 4278. Give b(48).
138
Let z(x) = 402*x**2 + 14470*x - 55. Give z(-36).
17
Let o(a) = -10*a**2 + 1787*a + 246. Give o(177).
3255
Let h(l) = -40*l**2 + 189*l + 866. Determine h(-4).
-530
Let c(q) = -47*q**2 - 4425*q - 644. Calculate c(-94).
14
Let g(r) = 2*r**3 - 769*r**2 + 452*r - 26120. Calculate g(384).
-8
Let w(k) = 446*k + 10612. What is w(-24)?
-92
Let x(u) = -u**3 - 29*u**2 - 251*u - 9703. Give x(-31).
0
Let p(s) = -5*s**3 - 2058*s**2 - 68624*s + 364. Determine p(-375).
-11
Let w(y) = 60*y + 2584. Determine w(-33).
604
Let j(l) = 74*l**2 + 755*l + 849. Calculate j(-9).
48
Let r(k) = -5*k**2 + 2449*k + 7346. Determine r(-3).
-46
Let q(f) = 3*f**3 + 19*f**2 - 13*f + 11. Give q(-7).
4
Let u(k) = -3*k**2 + 2444*k - 50382. Give u(21).
-381
Let y(p) = 2*p**2 + 78*p + 558. Calculate y(-31).
62
Let y(a) = -12*a**2 + 31*a + 424. Determine y(-17).
-3571
Let k(n) = -5320*n + 478442. Give k(90).
-358
Let f(u) = 98240*u + 982393. Determine f(-10).
-7
Let a(x) = -x**3 + 20*x**2 + 389*x - 7776. What is a(20)?
4
Let t(o) = -4*o**3 - 34*o**2 + 2804*o + 25067. Determine t(-9).
-7
Let k(z) = -z**2 - 14833*z + 550223. What is k(37)?
33
Let b(h) = 110*h**2 - 1467*h + 19. Determine b(13).
-462
Let j(p) = -p**3 + 24*p**2 + 45*p - 227. What is j(0)?
-227
Let g(s) = 8691*s + 78211. What is g(-9)?
-8
Let y(d) = -d**3 + 14*d**2 + 47*d - 254. What is y(17)?
-322
Let a(i) = -2*i**3 - 301*i**2 + 57*i - 14171. Give a(-151).
23
Let h(c) = 82*c**2 + 5062*c - 10127. Give h(2).
325
Let q(u) = -183*u**2 - 1608*u + 169. What is q(-9)?
-182
Let x(b) = -246952*b + 246955. Determine x(1).
3
Let p(f) = 79*f**2 + 11057*f - 99. Determine p(-140).
321
Let h(x) = -840*x + 82437. Give h(98).
117
Let p(u) = 320448*u - 7370293. Give p(23).
11
Let d(f) = 3395*f - 2617548. What is d(771)?
-3
Let d(c) = -95*c + 835. Give d(14).
-495
Let x(f) = f**2 - 109*f + 1098. Give x(90).
-612
Let c(p) = -51*p + 1. What is c(3)?
-152
Let v(h) = -h**3 + 9*h**2 - 83*h + 191. What is v(8)?
-409
Let j(c) = 83*c**2 - 7564*c + 1017. Determine j(91).
16
Let g(d) = -d**2 - 469*d + 1886. Calculate g(4).
-6
Let a(u) = -7609*u - 98919. Calculate a(-13).
-2
Let k(q) = -1122*q - 40344. Give k(-36).
48
Let w(s) = 3*s**3 + 2*s**2 - 46*s + 43. Give w(0).
43
Let s(i) = -i**3 + 292*i**2 - 6752*i - 4280. What is s(26)?
-16
Let l(j) = 1164*j - 2362. Give l(1).
-1198
Let o(n) = 4100*n + 274697. Calculate o(-67).
-3
Let o(v) = v**3 - 22*v**2 + 220*v - 4892. Determine o(22).
-52
Let z(r) = 272*r + 25290. What is z(-94)?
-278
Let i(l) = -2*l**3 - 30*l**2 + 132*l - 290. Calculate i(-19).
90
Let t(z) = -z**3 + 12*z**2 - 12189*z + 171038. Determine t(14).
0
Let z(f) = -52*f**2 + 1243*f + 1475. Give z(25).
50
Let v(p) = -5*p**3 - 109*p**2 + 362*p + 5. Calculate v(-25).
955
Let y(h) = 1832*h - 3832. What is y(2)?
-168
Let n(y) = -36*y**2 + 1929*y - 175. Calculate n(51).
4568
Let s(f) = -f**2 - 280*f - 11002. Calculate s(-46).
-238
Let p(j) = -2*j**2 - 97*j + 1869. Calculate p(-66).
-441
Let o(l) = -l**3 - 29*l**2 + 698*l + 19165. Give o(-32).
-99
Let c(y) = -13*y**2 + 2368*y - 11958. Calculate c(5).
-443
Let s(p) = -7*p**2 - 617*p - 4001. Give s(-7).
-25
Let z(f) = 4416*f + 8893. Give z(-2).
61
Let y(n) = -85356*n + 1621763. What is y(19)?
-1
Let l(z) = 2707*z + 78523. Calculate l(-29).
20
Let g(o) = 66*o - 1403. Calculate g(15).
-413
Let i(j) = 5*j**3 + 3253*j**2 + 1935*j - 9703. Determine i(-650).
47
Let v(q) = -q**2 + 1812*q + 191204. Determine v(-100).
4
Let j(s) = 105*s + 2963. Calculate j(-25).
338
Let d(u) = -324*u + 21586. Give d(67).
-122
Let t(g) = -g**3 + 124*g**2 - 2682*g - 135. Determine t(96).
441
Let c(m) = -43269*m + 216348. Determine c(5).
3
Let b(v) = 1310*v - 7244. What is b(6)?
616
Let w(b) = -9*b**2 - 2981*b + 2157. What is w(-332)?
-167
Let i(g) = -61*g - 264. Calculate i(-23).
1139
Let l(n) = -24025*n + 119661. Give l(5).
-464
Let b(l) = -7*l**2 + 2324*l - 20408. Calculate b(9).
-59
Let n(u) = -59*u**2 - 19363*u - 96813. Determine n(-5).
-1473
Let z(o) = 169*o**3 + 15*o + 29. Determine z(-3).
-4579
Let n(w) = -3*w**3 + 31*w**2 + 5*w + 51. Calculate n(8).
539
Let l(b) = 1580*b + 63220. What is l(-40)?
20
Let j(o) = -41*o**2 - 368*o - 937. Determine j(-4).
-121
Let o(g) = g**2 + 63*g - 1408. Give o(-80).
-48
Let g(x) = -x**3 + 11*x**2 - 148*x + 913. Give g(6).
205
Let k(x) = -2*x**3 + 55*x**2 - 257*x - 37. What is k(20)?
823
Let s(z) = 5*z**2 + 5554*z - 90170. Calculate s(16).
-26
Let q(v) = 941*v**3 + 25*v**2 + 37*v + 14. Give q(-1).
-939
Let l(a) = -4833800*a - 9667598. Determine l(-2).
2
Let z(w) = -9*w**3 + 52*w**2 - 35*w + 221. Calculate z(7).
-563
Let c(u) = 64*u**2 + 739*u + 2100. What is c(-5)?
5
Let a(r) = r**3 - 491*r**2 - 1403*r + 448227. Calculate a(492).
15
Let x(p) = 59367*p**2 + 237468*p + 4. Calculate x(-4).
4
Let o(h) = 86*h**2 + 2408*h - 4822. Determine o(2).
338
Let d(g) = -14*g**2 - 162*g - 307. Calculate d(-7).
141
Let u(w) = -14892*w + 122984. Determine u(8).
3848
Let i(j